ase 16
cc
What is 21 (base 7) in base 2?
1111
Convert 4 (base 10) to base 4.
10
Convert -1b (base 15) to base 8.
-32
What is -20 (base 4) in base 10?
-8
Convert 3 (base 9) to base 6.
3
Convert 21 (base 4) to base 8.
11
2 (base 13) to base 6
2
-3 (base 15) to base 9
-3
What is -19 (base 12) in base 2?
-10101
Convert -40 (base 11) to base 6.
-112
What is -2144 (base 5) in base 15?
-14e
Convert -1 (base 6) to base 7.
-1
What is -21 (base 16) in base 9?
-36
What is 4 (base 11) in base 3?
11
-2 (base 4) to base 6
-2
Convert 0 (base 12) to base 16.
0
3 (base 4) to base 10
3
-9 (base 15) to base 10
-9
-46 (base 12) to base 15
-39
What is -11 (base 14) in base 5?
-30
Convert -a (base 14) to base 6.
-14
What is -23 (base 14) in base 16?
-1f
What is 3 (base 16) in base 3?
10
-5 (base 10) to base 9
-5
What is 4a (base 14) in base 7?
123
-52 (base 8) to base 4
-222
Convert -158 (base 11) to base 4.
-2320
What is -2c (base 14) in base 12?
-34
Convert 0 (base 8) to base 12.
0
1 (base 6) to base 11
1
100 (base 4) to base 13
13
Convert a (base 12) to base 3.
101
What is -2 (base 11) in base 15?
-2
Convert 11 (base 10) to base 12.
b
What is 22 (base 7) in base 11?
15
What is 15 (base 8) in base 14?
d
2 (base 14) to base 2
10
What is -1e (base 16) in base 14?
-22
-1111 (base 2) to base 4
-33
What is -2 (base 4) in base 3?
-2
Convert 321 (base 6) to base 7.
232
-20 (base 3) to base 7
-6
Convert 3 (base 10) to base 14.
3
What is -6 (base 8) in base 10?
-6
What is 1 (base 3) in base 14?
1
Convert 0 (base 13) to base 6.
0
36 (base 12) to base 4
222
11 (base 13) to base 10
14
What is 11 (base 6) in base 13?
7
What is 51 (base 14) in base 16?
47
Convert -20 (base 5) to base 13.
-a
c (base 15) to base 12
10
202 (base 8) to base 14
94
What is 10 (base 5) in base 13?
5
4 (base 9) to base 7
4
What is -52 (base 7) in base 16?
-25
0 (base 7) to base 4
0
What is 20 (base 16) in base 7?
44
Convert -5d (base 14) to base 15.
-58
What is 51 (base 11) in base 15?
3b
Convert 2 (base 14) to base 3.
2
-1 (base 2) to base 16
-1
Convert -11 (base 4) to base 14.
-5
-5 (base 10) to base 15
-5
Convert 353 (base 6) to base 3.
12020
Convert 5 (base 10) to base 16.
5
-100110 (base 2) to base 5
-123
What is -24 (base 10) in base 15?
-19
Convert 1101 (base 2) to base 7.
16
Convert -6 (base 12) to base 4.
-12
What is 3 (base 14) in base 15?
3
Convert -38 (base 14) to base 6.
-122
22 (base 11) to base 6
40
Convert 15 (base 10) to base 11.
14
Convert -9 (base 14) to base 7.
-12
-2 (base 15) to base 16
-2
Convert 10 (base 6) to base 7.
6
What is -4 (base 6) in base 5?
-4
-10 (base 2) to base 7
-2
Convert -4 (base 8) to base 14.
-4
What is -72 (base 12) in base 9?
-105
Convert -118 (base 11) to base 14.
-a0
What is -b3 (base 15) in base 10?
-168
112 (base 8) to base 10
74
-11 (base 10) to base 4
-23
Convert -2 (base 6) to base 2.
-10
What is 0 (base 11) in base 16?
0
-3 (base 12) to base 13
-3
What is b (base 15) in base 16?
b
1001011 (base 2) to base 14
55
-278 (base 9) to base 4
-3221
Convert 2 (base 10) to base 4.
2
16a (base 11) to base 2
11000101
Convert 4 (base 6) to base 13.
4
-2 (base 9) to base 8
-2
What is 200 (base 3) in base 16?
12
2 (base 14) to base 8
2
Convert -2 (base 3) to base 8.
-2
What is -11 (base 2) in base 5?
-3
Convert 1000 (base 2) to base 6.
12
10223 (base 4) to base 11
252
Convert 24 (base 14) to base 12.
28
Convert -25 (base 13) to base 3.
-1011
What is 10a (base 13) in base 9?
218
What is -12 (base 7) in base 3?
-100
Convert -23 (base 5) to base 9.
-14
11 (base 2) to base 11
3
0 (base 5) to base 12
0
What is -5b (base 14) in base 7?
-144
What is 22 (base 6) in base 4?
32
11 (base 10) to base 14
b
Convert 17 (base 14) to base 16.
15
Convert 4 (base 7) to base 4.
10
What is 22 (base 3) in base 13?
8
4 (base 9) to base 2
100
b6 (base 12) to base 10
138
Convert 3 (base 4) to base 10.
3
100211 (base 3) to base 8
411
What is -7 (base 16) in base 13?
-7
3 (base 4) to base 2
11
-3 (base 8) to base 16
-3
Convert -1 (base 11) to base 16.
-1
Convert -6 (base 12) to base 9.
-6
Convert -11 (base 13) to base 16.
-e
Convert -2 (base 3) to base 5.
-2
Convert 1010 (base 2) to base 16.
a
-3d (base 14) to base 5
-210
Convert 1031 (base 5) to base 12.
b9
12 (base 5) to base 6
11
-4 (base 5) to base 4
-10
Convert -2 (base 9) to base 13.
-2
What is 0 (base 13) in base 10?
0
5 (base 15) to base 8
5
What is 1 (base 7) in base 2?
1
-3 (base 8) to base 9
-3
Convert 8 (base 12) to base 5.
13
0 (base 12) to base 16
0
-121 (base 4) to base 6
-41
What is 320 (base 4) in base 16?
38
Convert -10 (base 8) to base 11.
-8
-1040 (base 7) to base 6
-1415
-100 (base 2) to base 12
-4
Convert a4 (base 12) to base 3.
11121
Convert -3 (base 14) to base 8.
-3
What is -3 (base 8) in base 4?
-3
What is 2d (base 14) in base 7?
56
Convert -142 (base 7) to base 13.
-61
Convert 1 (base 5) to base 14.
1
Convert -2 (base 5) to base 12.
-2
Convert 1 (base 7) to base 11.
1
b3 (base 13) to base 9
172
What is -2 (base 3) in base 7?
-2
What is 170 (base 10) in base 6?
442
-230 (base 9) to base 13
-117
What is 9 (base 14) in base 16?
9
-1311 (base 5) to base 14
-10a
6 (base 13) to base 14
6
1 (base 16) to base 10
1
What is 9 (base 12) in base 15?
9
What is -1 (base 2) in base 5?
-1
What is -265 (base 11) in base 2?
-100111001
Convert -1 (base 9) to base 7.
-1
-110 (base 6) to base 7
-60
What is 40 (base 6) in base 2?
11000
What is a (base 13) in base 11?
a
Convert -23 (base 12) to base 2.
-11011
3 (base 11) to base 2
11
What is -10 (base 2) in base 5?
-2
13 (base 12) to base 15
10
Convert 6a (base 16) to base 6.
254
-10 (base 2) to base 14
-2
What is -101 (base 8) in base 12?
-55
-120 (base 5) to base 3
-1022
-2 (base 6) to base 15
-2
5 (base 8) to base 12
5
Convert -3 (base 9) to base 14.
-3
Convert 425 (base 9) to base 2.
101011011
Convert 144 (base 13) to base 12.
169
Convert -5a (base 16) to base 9.
-110
What is 4 (base 15) in base 3?
11
Convert -14 (base 16) to base 3.
-202
43 (base 16) to base 5
232
Convert 221 (base 3) to base 10.
25
What is -75 (base 8) in base 14?
-45
12 (base 3) to base 11
5
What is -11 (base 5) in base 10?
-6
4 (base 6) to base 3
11
-3 (base 4) to base 12
-3
Convert -35 (base 6) to base 13.
-1a
Convert -30 (base 15) to base 6.
-113
What is 10 (base 11) in base 14?
b
What is 1002 (base 4) in base 14?
4a
What is 1 (base 11) in base 3?
1
26 (base 7) to base 16
14
What is 5b (base 12) in base 4?
1013
5 (base 16) to base 11
5
What is -1 (base 7) in base 14?
-1
1 (base 16) to base 7
1
166 (base 7) to base 8
141
-226 (base 9) to base 3
-20220
What is -4 (base 14) in base 16?
-4
2 (base 3) to base 4
2
-111 (base 7) to base 9
-63
What is -17 (base 10) in base 12?
-15
What is -10000110 (base 2) in base 10?
-134
1010 (base 7) to base 14
1b0
What is 3 (base 15) in base 13?
3
What is 100 (base 2) in base 9?
4
Convert -1031 (base 5) to base 3.
-12020
What is -c (base 13) in base 6?
-20
Convert -14 (base 13) to base 9.
-18
3 (base 9) to base 10
3
What is 2d (base 15) in base 10?
43
-8 (base 16) to base 10
-8
What is 14 (base 6) in base 2?
1010
-11101000 (base 2) to base 12
-174
301 (base 4) to base 7
100
-10 (base 2) to base 14
-2
21 (base 4) to base 13
9
-d (base 14) to base 13
-10
Convert -6 (base 14) to base 7.
-6
1 (base 8) to base 6
1
Convert 19 (base 11) to base 8.
24
Convert 56 (base 14) to base 13.
5b
Convert 101 (base 2) to base 4.
11
Convert -10 (base 12) to base 8.
-14
What is 12010 (base 3) in base 11?
116
What is 9 (base 12) in base 13?
9
Convert -21102 (base 3) to base 16.
-c8
What is 3 (base 12) in base 9?
3
10011 (base 3) to base 6
221
Convert 5 (base 13) to base 10.
5
Convert 2 (base 6) to base 7.
2
What is -21 (base 7) in base 10?
-15
What is 111 (base 5) in base 13?
25
-66 (base 16) to base 13
-7b
-1031 (base 5) to base 14
-a1
What is 184 (base 12) in base 3?
100001
-1102 (base 3) to base 8
-46
25 (base 10) to base 16
19
Convert -1 (base 3) to base 6.
-1
Convert -d (base 15) to base 6.
-21
9 (base 13) to base 4
21
Convert -10 (base 7) to base 4.
-13
What is 9 (base 16) in base 6?
13
12 (base 7) to base 16
9
-3 (base 5) to base 14
-3
Convert 4 (base 13) to base 5.
4
Convert 6 (base 8) to base 6.
10
36 (base 13) to base 4
231
Convert -10 (base 2) to base 13.
-2
18 (base 10) to base 4
102
-